t common divisor of f and z.
6
Suppose 4*u = -3*d + 95, -119 = -4*u + d + 4*d. Suppose -f + 3*j = -13 - u, -f = 4*j - 32. Calculate the greatest common factor of 18 and f.
18
Let x = -25 + 289. What is the greatest common divisor of x and 24?
24
Suppose -2*f - 3*f - 5*z = -30, 5*f - 18 = z. Suppose 5*o - f*g = 114, 2*o - 14 = 4*g + 22. Let t = o - -10. What is the highest common factor of 12 and t?
12
Let f = -41 + 44. Suppose -o + 47 = b, -f*o - 42 = -b - 15. Calculate the highest common divisor of b and 21.
21
Let u = -47 + 103. Let h = 240 - 233. Calculate the highest common divisor of u and h.
7
Suppose 0 = 2*r - 0*r - 6. Let k(f) = -8*f + f**r + f + 1 - 7 + 9*f**2. Let c be k(-9). Calculate the greatest common divisor of c and 38.
19
Suppose y = 4*h - 5878, 2*h - 32*y - 2936 = -30*y. What is the highest common divisor of h and 30?
30
Suppose 5*x + 3*b = 118 + 17, 54 = 2*x - 3*b. Let l = -82 + x. Let p = l - -87. What is the greatest common factor of p and 16?
16
Let b be (-4)/(-2)*(-10 - -71). Let j = b + -92. Suppose 3*w = -w + 300. What is the greatest common divisor of j and w?
15
Suppose 554*f - 559*f = -15. What is the greatest common factor of f and 12?
3
Let d = 293 + 18. Suppose d + 277 = 14*m. What is the greatest common divisor of m and 14?
14
Let s(d) = d**2 - 4*d - 16. Let p be s(7). Suppose j - 574 = -p*m, -5*j + 573 = 5*m - 3*j. What is the highest common divisor of 46 and m?
23
Suppose -92*h - 160 = -94*h. Calculate the highest common divisor of 40 and h.
40
Let y = 76 + -31. Suppose -2*o + 5*o - y = 0. Suppose -5*r - 2*c = -369, 0 = -2*r - 5*c + 77 + 58. Calculate the greatest common factor of r and o.
15
Let k(m) = -3*m**2 - 13*m + 3. Let j be k(-3). Calculate the highest common divisor of 25 and j.
5
Suppose -28 = 2*u + 2*u. Let m be (98/(-6))/u*6. Calculate the greatest common divisor of 21 and m.
7
Let x be (-113)/(-3) + 290/(-174). Calculate the greatest common factor of 90 and x.
18
Let i be 27/((2/3)/(-53 - -57)). Calculate the highest common factor of 378 and i.
54
Let t(f) = -f**3 - 23*f**2 - 176*f - 32. Let x be t(-9). Let v be 2/(-4)*-4*19. Calculate the greatest common divisor of v and x.
38
Let a(u) be the third derivative of 3*u**6/5 - u**5/60 - u**4/8 + 2*u**3/3 - 21*u**2. Let h be a(1). Calculate the greatest common divisor of 18 and h.
18
Let l be -12*((-485)/20 - -8). What is the highest common divisor of 3 and l?
3
Let a = 60 + -54. Let m be (-1)/(-3 - (-16)/a). What is the highest common divisor of m and 21?
3
Suppose 0 = 2*m, 0*y + 2*y - 2*m - 112 = 0. Calculate the highest common factor of 616 and y.
56
Let k = 96 + -65. Suppose 3*s - 18 = 3*x, 5*s - k = -4*x + 8*x. What is the greatest common divisor of s and 56?
7
Suppose 864 = 3*f - 3*z, -f + 160 = -2*z - 130. Suppose n + y - 21 = 0, -n - 2*y - 1 = -17. What is the highest common divisor of f and n?
26
Let m = -110 + 113. What is the greatest common factor of 192 and m?
3
Suppose 0 = -2*a - 3*a + 25. Let l = -36 + 38. Suppose l = -c + 42. Calculate the greatest common factor of c and a.
5
Let a(w) = w**3 - 6*w**2 + 8*w + 12. Let u be a(4). Suppose -4 = -b + 14. What is the greatest common factor of b and u?
6
Let h(a) = a**2 + 5*a - 9. Let c be h(-5). Let u be 24*3/c*-1. Suppose -u*q + 10*q - 88 = 0. What is the greatest common divisor of q and 22?
22
Let w = 371 + -344. Calculate the greatest common divisor of w and 6.
3
Suppose 643 + 93 = 4*m. Calculate the highest common divisor of 230 and m.
46
Suppose -43*a + 20*a = -506. Calculate the greatest common divisor of 6 and a.
2
Let x(r) = -7*r - 3. Let z be x(-1). Let n be (-194)/(4*(-2)/z). Suppose 3*p = -5*v - p + n, 4*v - 80 = -2*p. What is the highest common factor of 168 and v?
21
Suppose -w - 43 + 124 = -2*z, -2*w - 38 = z. Let n be 208/z*5/(-2). What is the highest common factor of n and 91?
13
Suppose 7*x - 6*x = 3. Suppose x*a - 4 = -z - 2*a, 5*z = 5*a + 50. What is the highest common factor of 99 and z?
9
Let w = 55 - -15. Suppose d = 2*d - 5. Suppose -4*r - 2 - 34 = -4*c, -d*c - 5*r + 55 = 0. What is the highest common factor of c and w?
10
Suppose 5*z - 123 - 231 = -4*f, -3*f + 3 = 0. Suppose 0 = -5*d - 19 + 49. Suppose -d = k - 16. What is the greatest common divisor of z and k?
10
Let d(q) = 6*q**2 - 3*q - 3. Let w be d(-2). Let o be 2*(-4 - (-11)/3)*-18. Let v = w + o. What is the greatest common factor of 26 and v?
13
Suppose 0 = 3*m + 12, 3*v - 20 = 5*m + 105. Suppose 83 = 4*y + v. Let k be 2 + -4 + 11 + 3. Calculate the greatest common divisor of y and k.
12
Suppose 8*j + 116 = -156. Let h = j + 78. Calculate the greatest common divisor of h and 4.
4
Suppose 0 = -3*d - 4*d + 21. Suppose 4*p - 544 = -d*l, 0 = 6*p - 3*p + 2*l - 408. Suppose k - 6 = 11. What is the highest common factor of p and k?
17
Let g be 15*37 - 296/74. Calculate the highest common factor of 19 and g.
19
Let y(f) = -f**2 + 69*f - 426. Let p be y(7). Suppose -6*r + 2*r + 288 = 0. What is the highest common factor of r and p?
8
Let i(y) = -y**2 - 2*y + 5. Let l be i(-3). Suppose 0 = -4*p + 5*p + 4*q - 17, 3*q + 12 = l*p. Calculate the highest common factor of 9 and p.
9
Suppose -2*r = -r + 5*h + 12, h = -2. Let q = r + 3. Let x(c) = 9*c + 2. Let i be x(q). What is the highest common divisor of 11 and i?
11
Suppose 7*h - 102 = -10*h. Let m be (-39)/(-9)*6*3/h. Calculate the greatest common factor of m and 39.
13
Let q(w) = w**2 - 10*w + 1. Let g be q(11). Let u = 60 + -57. Calculate the highest common factor of u and g.
3
Let p = 1209 - 1179. What is the highest common divisor of 190 and p?
10
Let w be (-201)/(-335) + (-21)/(-15) + -1. Let o(k) = -k**2 + 7*k - 2. Let x be o(5). Calculate the greatest common factor of x and w.
1
Let r(x) = x**3 - 10*x**2 - 14*x + 2. Let b be r(8). Let t be ((-2)/(-1))/(-8) - b/56. What is the greatest common factor of t and 8?
4
Let w = 114 + -69. Let x(n) = -n**3 + 11*n**2 - 8*n - 11. Let l be x(10). Calculate the greatest common factor of l and w.
9
Let y be (4/(-6))/((-188)/71910). Calculate the highest common factor of 153 and y.
51
Let n = 240 + -24. Calculate the highest common factor of 3 and n.
3
Suppose -35 = 9*y - 89. Let k(r) = -2*r**2 + 11*r + 10. Let s be k(y). Calculate the greatest common divisor of 28 and s.
4
Suppose 0 = 517*l - 519*l + 266. What is the greatest common divisor of 7 and l?
7
Let l = 27 - 25. Let t be ((-18)/l - -3) + 0. Let k be 0 - -2 - 108/t. What is the highest common factor of k and 20?
20
Let n(o) = -13*o**3 + o**2 + o + 1. Let i be n(-1). Let h be 2 + ((-2)/(-2) - -39). What is the highest common factor of h and i?
14
Suppose -68*k + 62*k + 972 = 0. Calculate the greatest common divisor of k and 6.
6
Let v be -2 + 9148/22 + (-6)/(-33). Calculate the highest common factor of 162 and v.
18
Let a be (-10)/(-4) - (5 + (-72)/16). Calculate the greatest common divisor of a and 16.
2
Suppose -8 = -6*h + 8*h. Let b be (-1 + -1)*h + (8 - 8). Calculate the highest common factor of 16 and b.
8
Let b = 33 + -8. Let o(m) = -364*m + 738. Let z be o(2). Calculate the highest common divisor of z and b.
5
Suppose -32 = -2*w + 5*r, 10*r = 7*r - 6. Let z be 1 + -1 - (1 + -3). Let i = 3 - z. Calculate the highest common divisor of w and i.
1
Let m(w) be the third derivative of -w**5/30 - 5*w**4/8 - w**3/3 - 9*w**2. Let y be m(-7). Calculate the highest common divisor of y and 15.
5
Suppose -3*k = 4*q + k - 456, 0 = 5*q + 2*k - 576. Calculate the highest common factor of q and 493.
29
Let c be (-38790)/(-2970) - (-4)/(-66). What is the highest common divisor of 1040 and c?
13
Let j be 213 + 30/20 + (-11)/2. What is the highest common factor of j and 11?
11
Let w = 13 + 44. What is the greatest common divisor of 171 and w?
57
Let h(c) = 4*c + 12. Let j(v) = 5*v + 12. Let p(t) = 4*h(t) - 3*j(t). Let q be p(-9). Calculate the highest common factor of q and 2.
1
Let u = -514 + 558. Suppose -4*c + 8 = -8. What is the highest common factor of u and c?
4
Suppose 0 = -4*a + 8 + 24. Let m(v) = v**3 + 12*v**2 + 11*v + 14. Let b be m(-11). Suppose 0 = b*w + 3*w - 1088. What is the highest common factor of w and a?
8
Let l be ((-8)/6)/(3 - 33/9). Suppose -3*s = -3*q - 8 + 2, 3*s - 5*q - 6 = 0. Calculate the highest common factor of s and l.
2
Let x = -15 - -34. Let s be 